ed by 9685?
213
Calculate the remainder when 689682718 is divided by 869.
868
What is the remainder when 2360 is divided by 39?
20
What is the remainder when 313427 is divided by 3960?
587
Calculate the remainder when 25440886 is divided by 49.
37
Calculate the remainder when 21240 is divided by 18484.
2756
Calculate the remainder when 169398652 is divided by 3263.
7
Calculate the remainder when 16589968 is divided by 90.
88
Calculate the remainder when 1876553 is divided by 20.
13
What is the remainder when 6795346 is divided by 16946?
0
Calculate the remainder when 2192322 is divided by 438379.
427
Calculate the remainder when 480240 is divided by 4070.
4050
What is the remainder when 663110 is divided by 24559?
17
Calculate the remainder when 1118724 is divided by 3.
0
What is the remainder when 105651 is divided by 1357?
1162
Calculate the remainder when 995890 is divided by 5081.
14
What is the remainder when 3203643 is divided by 3147?
3144
Calculate the remainder when 300079 is divided by 149963.
153
Calculate the remainder when 9620883 is divided by 481040.
83
What is the remainder when 28020128 is divided by 664?
656
Calculate the remainder when 7394 is divided by 160.
34
What is the remainder when 33892 is divided by 1465?
197
Calculate the remainder when 33254827 is divided by 492.
55
What is the remainder when 1882544 is divided by 8045?
14
What is the remainder when 417091 is divided by 83411?
36
What is the remainder when 647216 is divided by 1788?
1748
Calculate the remainder when 449958 is divided by 44936.
598
What is the remainder when 2603750 is divided by 68?
30
Calculate the remainder when 6202 is divided by 22.
20
Calculate the remainder when 5672755 is divided by 587.
574
Calculate the remainder when 25670168 is divided by 3030.
8
What is the remainder when 1003328 is divided by 58?
44
What is the remainder when 459850 is divided by 57426?
442
Calculate the remainder when 650203619 is divided by 6411.
6410
Calculate the remainder when 396767 is divided by 4682.
3479
What is the remainder when 1981689 is divided by 616?
17
Calculate the remainder when 552270 is divided by 846.
678
What is the remainder when 524091 is divided by 5270?
2361
What is the remainder when 58161058 is divided by 122?
120
Calculate the remainder when 3146509 is divided by 13691.
11270
Calculate the remainder when 371623 is divided by 21857.
54
What is the remainder when 4411352 is divided by 30?
2
What is the remainder when 3249359 is divided by 24?
23
What is the remainder when 77839 is divided by 1868?
1251
Calculate the remainder when 18632518 is divided by 2329064.
6
What is the remainder when 439671 is divided by 4671?
597
What is the remainder when 214895 is divided by 53673?
203
Calculate the remainder when 132092 is divided by 421.
319
Calculate the remainder when 12667265 is divided by 5418.
5399
What is the remainder when 99228295 is divided by 33076090?
25
What is the remainder when 76986 is divided by 12664?
1002
What is the remainder when 95961697 is divided by 127?
116
What is the remainder when 15073 is divided by 5581?
3911
What is the remainder when 1380976 is divided by 5523?
226
What is the remainder when 68301418 is divided by 494?
484
What is the remainder when 3231066 is divided by 35?
6
What is the remainder when 175699933 is divided by 1754?
1753
What is the remainder when 135161 is divided by 479?
83
Calculate the remainder when 12818 is divided by 957.
377
Calculate the remainder when 60726508 is divided by 16.
12
What is the remainder when 12536546 is divided by 4178813?
107
What is the remainder when 704131174 is divided by 21?
19
Calculate the remainder when 33258664 is divided by 4771.
23
What is the remainder when 7716235 is divided by 389?
31
Calculate the remainder when 337939896 is divided by 112646631.
3
Calculate the remainder when 4890694 is divided by 92277.
13
Calculate the remainder when 121883 is divided by 179.
163
Calculate the remainder when 152518 is divided by 51.
28
Calculate the remainder when 2607381 is divided by 49.
42
Calculate the remainder when 3288008 is divided by 5851.
5597
What is the remainder when 191638 is divided by 31820?
718
What is the remainder when 139937 is divided by 1817?
28
Calculate the remainder when 357860 is divided by 6140.
1740
What is the remainder when 228172 is divided by 12311?
6574
Calculate the remainder when 203942198 is divided by 2200.
2198
Calculate the remainder when 18200698 is divided by 9100345.
8
Calculate the remainder when 55724297 is divided by 2546.
2541
What is the remainder when 1363040 is divided by 89?
5
What is the remainder when 1145653 is divided by 3058?
1961
Calculate the remainder when 14149623 is divided by 59.
7
What is the remainder when 7377821 is divided by 2275?
2271
Calculate the remainder when 547365 is divided by 6516.
21
What is the remainder when 14539 is divided by 1264?
635
What is the remainder when 31087438 is divided by 29?
18
What is the remainder when 309466 is divided by 77192?
698
Calculate the remainder when 486722 is divided by 30.
2
What is the remainder when 321186 is divided by 1327?
52
What is the remainder when 2220854 is divided by 1180?
94
Calculate the remainder when 26698 is divided by 8792.
322
Calculate the remainder when 3781144 is divided by 945157.
516
What is the remainder when 318553 is divided by 330?
103
What is the remainder when 730432 is divided by 79?
77
Calculate the remainder when 19863308 is divided by 3310548.
20
What is the remainder when 665421 is divided by 18?
15
What is the remainder when 9473 is divided by 4471?
531
Calculate the remainder when 3773361 is divided by 2703.
2676
What is the remainder when 2111157 is divided by 2713?
443
What is the remainder when 9443021 is divided by 202?
127
What is the remainder when 7276795 is divided by 159?
1
Calculate the remainder when 234482 is divided by 58564.
226
What is the remainder when 1263036 is divided by 3862?
162
What is the remainder when 217124 is divided by 20921?
7914
Calculate the remainder when 86370 is divided by 434.
4
What is the remainder when 107217 is divided by 3925?
1242
What is the remainder when 51138933 is divided by 36?
33
Calculate the remainder when 7726527 is divided by 13118.
25
Calculate the remainder when 580157 is divided by 580031.
126
What is the remainder when 4133525 is divided by 51?
26
Calculate the remainder when 7455637 is divided by 109.
37
What is the remainder when 14186 is divided by 2469?
1841
Calculate the remainder when 590295 is divided by 811.
698
Calculate the remainder when 2124825 is divided by 104.
1
What is the remainder when 41397 is divided by 605?
257
Calculate the remainder when 849195 is divided by 427.
319
What is the remainder when 1814064 is divided by 1580?
224
What is the remainder when 35799 is divided by 11755?
534
Calculate the remainder when 5207857 is divided by 19.
14
What is the remainder when 620462 is divided by 24817?
37
What is the remainder when 378249 is divided by 189075?
99
What is the remainder when 4039021 is divided by 28849?
161
What is the remainder when 541615 is divided by 23334?
4933
Calculate the remainder when 145076050 is divided by 1398.
1396
Calculate the remainder when 6768166 is divided by 2285.
2281
Calculate the remainder when 1462 is divided by 1170.
292
What is the remainder when 213374491 is divided by 46?
41
Calculate the remainder when 32410 is divided by 182.
14
What is the remainder when 688884873 is divided by 12?
9
What is the remainder when 1181019 is divided by 4821?
4695
Calculate the remainder when 12529 is divided by 12429.
100
Calculate the remainder when 95583561 is divided by 181.
176
What is the remainder when 122271782 is divided by 149?
147
Calculate the remainder when 51212 is divided by 2891.
2065
What is the remainder when 7587 is divided by 361?
6
What is the remainder when 105874530 is divided by 13?
8
What is the remainder when 22251474 is divided by 325?
24
Calculate the remainder when 1038822 is divided by 243.
240
What is the remainder when 119692559 is divided by 2724?
2723
Calculate the remainder when 53178 is divided by 268.
114
Calculate the remainder when 63761 is divided by 62944.
817
What is the remainder when 2